{"id":1238,"date":"2024-10-09T12:38:37","date_gmt":"2024-10-09T10:38:37","guid":{"rendered":"https:\/\/carrieres.blog\/?page_id=1238"},"modified":"2024-10-09T12:44:35","modified_gmt":"2024-10-09T10:44:35","slug":"outils","status":"publish","type":"page","link":"https:\/\/carrieres.blog\/index.php\/outils\/","title":{"rendered":"Outils"},"content":{"rendered":"\n<div style=\"height:30px\" aria-hidden=\"true\" class=\"wp-block-spacer\"><\/div>\n\n\n\n<div class=\"wp-block-columns is-layout-flex wp-container-core-columns-is-layout-28f84493 wp-block-columns-is-layout-flex\">\n<div class=\"wp-block-column is-layout-flow wp-block-column-is-layout-flow\"><\/div>\n\n\n\n<div class=\"wp-block-column is-layout-flow wp-block-column-is-layout-flow\"><\/div>\n\n\n\n<div class=\"wp-block-column is-layout-flow wp-block-column-is-layout-flow\"><\/div>\n<\/div>\n\n\n\n<div class=\"wp-block-columns is-layout-flex wp-container-core-columns-is-layout-28f84493 wp-block-columns-is-layout-flex\">\n<div class=\"wp-block-column is-layout-flow wp-block-column-is-layout-flow\"><div id=\"\" class=\"mzb-post-list mzb-post-list-1f58fb57 \"><div class=\"mzb-post-heading mzb-heading-layout-1 mzb-heading-layout-1-style-1\"> <h2>Forces &amp; Singularit\u00e9<\/h2><\/div><div class=\"mzb-posts mzb-layout-1 mzb-layout-1-style-1\"><div class=\"mzb-post magazine-post--pos-left\"><div class=\"mzb-featured-image none\"><a href=\"https:\/\/carrieres.blog\/index.php\/2025\/06\/03\/1356\/\"alt=\"Se motiver, choisir, gagner &#8230; et sortir en champion &#8211; St\u00e9phane Houdet\"\/><img decoding=\"async\" src=\"https:\/\/carrieres.blog\/wp-content\/uploads\/2025\/06\/stephane-houdet-web-1.jpg\" alt=\"Se motiver, choisir, gagner &#8230; et sortir en champion &#8211; St\u00e9phane Houdet\"\/> <\/a><\/div><div class=\"mzb-post-content\"><div class=\"mzb-post-entry-meta\"><h3 class=\"mzb-post-title\"><a href=\"https:\/\/carrieres.blog\/index.php\/2025\/06\/03\/1356\/\">Se motiver, choisir, gagner &#8230; et sortir en champion &#8211; St\u00e9phane Houdet<\/a><\/h3><\/div><\/div><\/div><div class=\"mzb-post magazine-post--pos-left\"><div class=\"mzb-featured-image none\"><a href=\"https:\/\/carrieres.blog\/index.php\/2016\/04\/14\/assumer-sa-singularite-face-a-la-pression-de-conformite\/\"alt=\"Assumer sa singularit\u00e9 face \u00e0 la pression de conformit\u00e9\"\/><img decoding=\"async\" src=\"https:\/\/carrieres.blog\/wp-content\/uploads\/2024\/10\/dna-1.jpeg\" alt=\"Assumer sa singularit\u00e9 face \u00e0 la pression de conformit\u00e9\"\/> <\/a><\/div><div class=\"mzb-post-content\"><div class=\"mzb-post-entry-meta\"><h3 class=\"mzb-post-title\"><a href=\"https:\/\/carrieres.blog\/index.php\/2016\/04\/14\/assumer-sa-singularite-face-a-la-pression-de-conformite\/\">Assumer sa singularit\u00e9 face \u00e0 la pression de conformit\u00e9<\/a><\/h3><\/div><\/div><\/div><div class=\"mzb-post magazine-post--pos-left\"><div class=\"mzb-featured-image none\"><a href=\"https:\/\/carrieres.blog\/index.php\/2016\/02\/26\/sappuyer-sur-ses-forces\/\"alt=\"S&#8217;appuyer sur ses forces\"\/><img decoding=\"async\" src=\"https:\/\/carrieres.blog\/wp-content\/uploads\/2024\/10\/tigerwoods.jpeg\" alt=\"S&#8217;appuyer sur ses forces\"\/> <\/a><\/div><div class=\"mzb-post-content\"><div class=\"mzb-post-entry-meta\"><h3 class=\"mzb-post-title\"><a href=\"https:\/\/carrieres.blog\/index.php\/2016\/02\/26\/sappuyer-sur-ses-forces\/\">S&#8217;appuyer sur ses forces<\/a><\/h3><\/div><\/div><\/div><div class=\"mzb-post magazine-post--pos-left\"><div class=\"mzb-featured-image none\"><a href=\"https:\/\/carrieres.blog\/index.php\/2015\/12\/27\/sinspirer-dun-champion-olympique-de-ski\/\"alt=\"S&#8217;inspirer d&#8217;un champion olympique de ski\"\/><img decoding=\"async\" src=\"https:\/\/carrieres.blog\/wp-content\/uploads\/2024\/10\/EdgarGrospiron-800x445-1.jpeg\" alt=\"S&#8217;inspirer d&#8217;un champion olympique de ski\"\/> <\/a><\/div><div class=\"mzb-post-content\"><div class=\"mzb-post-entry-meta\"><h3 class=\"mzb-post-title\"><a href=\"https:\/\/carrieres.blog\/index.php\/2015\/12\/27\/sinspirer-dun-champion-olympique-de-ski\/\">S&#8217;inspirer d&#8217;un champion olympique de ski<\/a><\/h3><\/div><\/div><\/div><div class=\"mzb-post magazine-post--pos-left\"><div class=\"mzb-featured-image none\"><a href=\"https:\/\/carrieres.blog\/index.php\/2012\/03\/12\/steve-jobs-comment-et-avec-qui-laisser-sa-singularite-sexprimer\/\"alt=\"Steve Jobs : comment et avec qui laisser sa singularit\u00e9 s&#8217;exprimer ?\"\/><img decoding=\"async\" src=\"https:\/\/carrieres.blog\/wp-content\/uploads\/2024\/10\/steve-jobs.jpeg\" alt=\"Steve Jobs : comment et avec qui laisser sa singularit\u00e9 s&#8217;exprimer ?\"\/> <\/a><\/div><div class=\"mzb-post-content\"><div class=\"mzb-post-entry-meta\"><h3 class=\"mzb-post-title\"><a href=\"https:\/\/carrieres.blog\/index.php\/2012\/03\/12\/steve-jobs-comment-et-avec-qui-laisser-sa-singularite-sexprimer\/\">Steve Jobs : comment et avec qui laisser sa singularit\u00e9 s&#8217;exprimer ?<\/a><\/h3><\/div><\/div><\/div><\/div><\/div><\/div>\n\n\n\n<div class=\"wp-block-column is-layout-flow wp-block-column-is-layout-flow\"><div id=\"\" class=\"mzb-post-list mzb-post-list-ab678d27 \"><div class=\"mzb-post-heading mzb-heading-layout-1 mzb-heading-layout-1-style-1\"> <h2>Pitch<\/h2><\/div><div class=\"mzb-posts mzb-layout-1 mzb-layout-1-style-1\"><div class=\"mzb-post magazine-post--pos-left\"><div class=\"mzb-featured-image none\"><a href=\"https:\/\/carrieres.blog\/index.php\/2021\/11\/04\/se-positionner-carrieres-pitch-positionnement-hec-stories\/\"alt=\"Se positionner &#8211; bonnes feuilles (Carri\u00e8res, Pitch &amp; Positionnement\u00a0; HEC Stories)\"\/><img decoding=\"async\" src=\"https:\/\/carrieres.blog\/wp-content\/uploads\/2024\/10\/mercator-1.jpeg\" alt=\"Se positionner &#8211; bonnes feuilles (Carri\u00e8res, Pitch &amp; Positionnement\u00a0; HEC Stories)\"\/> <\/a><\/div><div class=\"mzb-post-content\"><div class=\"mzb-post-entry-meta\"><h3 class=\"mzb-post-title\"><a href=\"https:\/\/carrieres.blog\/index.php\/2021\/11\/04\/se-positionner-carrieres-pitch-positionnement-hec-stories\/\">Se positionner &#8211; bonnes feuilles (Carri\u00e8res, Pitch &amp; Positionnement\u00a0; HEC Stories)<\/a><\/h3><\/div><\/div><\/div><div class=\"mzb-post magazine-post--pos-left\"><div class=\"mzb-featured-image none\"><a href=\"https:\/\/carrieres.blog\/index.php\/2021\/09\/02\/du-pitch-post-it-a-lentretien-gagnant-denis-boutte-avenir-dirigeant\/\"alt=\"Du Pitch \u00ab Post-It \u00bb \u00e0 l\u2019entretien gagnant (Denis Boutte \u2013 Avenir Dirigeant)\"\/><img decoding=\"async\" src=\"https:\/\/carrieres.blog\/wp-content\/uploads\/2024\/10\/denis-boutte-carre-800x445-1.jpg\" alt=\"Du Pitch \u00ab Post-It \u00bb \u00e0 l\u2019entretien gagnant (Denis Boutte \u2013 Avenir Dirigeant)\"\/> <\/a><\/div><div class=\"mzb-post-content\"><div class=\"mzb-post-entry-meta\"><h3 class=\"mzb-post-title\"><a href=\"https:\/\/carrieres.blog\/index.php\/2021\/09\/02\/du-pitch-post-it-a-lentretien-gagnant-denis-boutte-avenir-dirigeant\/\">Du Pitch \u00ab Post-It \u00bb \u00e0 l\u2019entretien gagnant (Denis Boutte \u2013 Avenir Dirigeant)<\/a><\/h3><\/div><\/div><\/div><div class=\"mzb-post magazine-post--pos-left\"><div class=\"mzb-featured-image none\"><a href=\"https:\/\/carrieres.blog\/index.php\/2021\/03\/25\/creer-son-pitch-jacques-birol\/\"alt=\"Cr\u00e9er son pitch (Jacques Birol)\"\/><img decoding=\"async\" src=\"https:\/\/carrieres.blog\/wp-content\/uploads\/2024\/10\/JacquesBirol-carre-1.jpeg\" alt=\"Cr\u00e9er son pitch (Jacques Birol)\"\/> <\/a><\/div><div class=\"mzb-post-content\"><div class=\"mzb-post-entry-meta\"><h3 class=\"mzb-post-title\"><a href=\"https:\/\/carrieres.blog\/index.php\/2021\/03\/25\/creer-son-pitch-jacques-birol\/\">Cr\u00e9er son pitch (Jacques Birol)<\/a><\/h3><\/div><\/div><\/div><\/div><\/div><\/div>\n\n\n\n<div class=\"wp-block-column is-layout-flow wp-block-column-is-layout-flow\"><div id=\"\" class=\"mzb-post-list mzb-post-list-b64743b1 \"><div class=\"mzb-post-heading mzb-heading-layout-1 mzb-heading-layout-1-style-1\"> <h2>Outplacement<\/h2><\/div><div class=\"mzb-posts mzb-layout-1 mzb-layout-1-style-1\"><div class=\"mzb-post magazine-post--pos-left\"><div class=\"mzb-featured-image none\"><a href=\"https:\/\/carrieres.blog\/index.php\/2025\/05\/13\/comment-les-patrons-font-pour-retrouver-un-job-avec-loutplacement\/\"alt=\"Comment les patrons font pour retrouver un job avec l&#8217;outplacement (Lise-Marie Grandjean)\"\/><img decoding=\"async\" src=\"https:\/\/carrieres.blog\/wp-content\/uploads\/2024\/10\/lisemariegrandjean-1.png\" alt=\"Comment les patrons font pour retrouver un job avec l&#8217;outplacement (Lise-Marie Grandjean)\"\/> <\/a><\/div><div class=\"mzb-post-content\"><div class=\"mzb-post-entry-meta\"><h3 class=\"mzb-post-title\"><a href=\"https:\/\/carrieres.blog\/index.php\/2025\/05\/13\/comment-les-patrons-font-pour-retrouver-un-job-avec-loutplacement\/\">Comment les patrons font pour retrouver un job avec l&#8217;outplacement (Lise-Marie Grandjean)<\/a><\/h3><\/div><\/div><\/div><div class=\"mzb-post magazine-post--pos-left\"><div class=\"mzb-featured-image none\"><a href=\"https:\/\/carrieres.blog\/index.php\/2025\/05\/13\/bien-perdre-son-job-avec-domitille-teze-transition-plus\/\"alt=\"Comment bien perdre son job ? (Domitille T\u00e9z\u00e9 ; Transition Plus)\"\/><img decoding=\"async\" src=\"https:\/\/carrieres.blog\/wp-content\/uploads\/2024\/10\/domitille-teze.jpeg\" alt=\"Comment bien perdre son job ? (Domitille T\u00e9z\u00e9 ; Transition Plus)\"\/> <\/a><\/div><div class=\"mzb-post-content\"><div class=\"mzb-post-entry-meta\"><h3 class=\"mzb-post-title\"><a href=\"https:\/\/carrieres.blog\/index.php\/2025\/05\/13\/bien-perdre-son-job-avec-domitille-teze-transition-plus\/\">Comment bien perdre son job ? (Domitille T\u00e9z\u00e9 ; Transition Plus)<\/a><\/h3><\/div><\/div><\/div><div class=\"mzb-post magazine-post--pos-left\"><div class=\"mzb-featured-image none\"><a href=\"https:\/\/carrieres.blog\/index.php\/2022\/12\/05\/etre-hors-poste-a-une-grande-valeur-avec-florent-chapus-eim\/\"alt=\"Etre hors-poste a une grande valeur avec Florent Chapus (EIM)\"\/><img decoding=\"async\" src=\"https:\/\/carrieres.blog\/wp-content\/uploads\/2024\/10\/Photo-F-CHAPUS.jpeg\" alt=\"Etre hors-poste a une grande valeur avec Florent Chapus (EIM)\"\/> <\/a><\/div><div class=\"mzb-post-content\"><div class=\"mzb-post-entry-meta\"><h3 class=\"mzb-post-title\"><a href=\"https:\/\/carrieres.blog\/index.php\/2022\/12\/05\/etre-hors-poste-a-une-grande-valeur-avec-florent-chapus-eim\/\">Etre hors-poste a une grande valeur avec Florent Chapus (EIM)<\/a><\/h3><\/div><\/div><\/div><div class=\"mzb-post magazine-post--pos-left\"><div class=\"mzb-featured-image none\"><a href=\"https:\/\/carrieres.blog\/index.php\/2019\/12\/11\/premiers-pas-en-outplacement-denis-boutte-avenir-dirigeant\/\"alt=\"Premiers pas en outplacement (Denis Boutte, Avenir Dirigeant)\"\/><img decoding=\"async\" src=\"https:\/\/carrieres.blog\/wp-content\/uploads\/2024\/10\/denis-boutte-carre.jpg\" alt=\"Premiers pas en outplacement (Denis Boutte, Avenir Dirigeant)\"\/> <\/a><\/div><div class=\"mzb-post-content\"><div class=\"mzb-post-entry-meta\"><h3 class=\"mzb-post-title\"><a href=\"https:\/\/carrieres.blog\/index.php\/2019\/12\/11\/premiers-pas-en-outplacement-denis-boutte-avenir-dirigeant\/\">Premiers pas en outplacement (Denis Boutte, Avenir Dirigeant)<\/a><\/h3><\/div><\/div><\/div><\/div><\/div><\/div>\n<\/div>\n","protected":false},"excerpt":{"rendered":"","protected":false},"author":1,"featured_media":0,"parent":0,"menu_order":0,"comment_status":"closed","ping_status":"closed","template":"","meta":{"footnotes":""},"class_list":["post-1238","page","type-page","status-publish","hentry"],"magazineBlocksPostFeaturedMedia":{"thumbnail":false,"medium":false,"medium_large":false,"large":false,"1536x1536":false,"2048x2048":false,"colormag-highlighted-post":false,"colormag-featured-post-medium":false,"colormag-featured-post-small":false,"colormag-featured-image":false,"colormag-default-news":false,"colormag-featured-image-large":false},"magazineBlocksPostAuthor":{"name":"Greg Le Roy","avatar":"https:\/\/secure.gravatar.com\/avatar\/5103d064ec7a487fa072e0c718ca993466c955f411c9eef4ca3dc79121b13c1d?s=96&d=mm&r=g"},"magazineBlocksPostCommentsNumber":false,"magazineBlocksPostExcerpt":"","magazineBlocksPostCategories":[],"yoast_head":"<!-- This site is optimized with the Yoast SEO plugin v23.6 - https:\/\/yoast.com\/wordpress\/plugins\/seo\/ -->\n<title>Outils - CARRI\u00c8RES - Conseils de carri\u00e8re pour cadres dirigeants - podcasts experts, articles Challenges, interviews dirigeant.e.s, conf\u00e9rences\u2026 - www.carrieres.blog - Greg Le Roy<\/title>\n<meta name=\"robots\" content=\"index, follow, max-snippet:-1, max-image-preview:large, max-video-preview:-1\" \/>\n<link rel=\"canonical\" href=\"https:\/\/carrieres.blog\/index.php\/outils\/\" \/>\n<meta property=\"og:locale\" content=\"en_US\" \/>\n<meta property=\"og:type\" content=\"article\" \/>\n<meta property=\"og:title\" content=\"Outils - CARRI\u00c8RES - Conseils de carri\u00e8re pour cadres dirigeants - podcasts experts, articles Challenges, interviews dirigeant.e.s, conf\u00e9rences\u2026 - www.carrieres.blog - Greg Le Roy\" \/>\n<meta property=\"og:url\" content=\"https:\/\/carrieres.blog\/index.php\/outils\/\" \/>\n<meta property=\"og:site_name\" content=\"CARRI\u00c8RES - Conseils de carri\u00e8re pour cadres dirigeants - podcasts experts, articles Challenges, interviews dirigeant.e.s, conf\u00e9rences\u2026 - www.carrieres.blog - Greg Le Roy\" \/>\n<meta property=\"article:modified_time\" content=\"2024-10-09T10:44:35+00:00\" \/>\n<meta name=\"twitter:card\" content=\"summary_large_image\" \/>\n<script type=\"application\/ld+json\" class=\"yoast-schema-graph\">{\"@context\":\"https:\/\/schema.org\",\"@graph\":[{\"@type\":\"WebPage\",\"@id\":\"https:\/\/carrieres.blog\/index.php\/outils\/\",\"url\":\"https:\/\/carrieres.blog\/index.php\/outils\/\",\"name\":\"Outils - CARRI\u00c8RES - Conseils de carri\u00e8re pour cadres dirigeants - podcasts experts, articles Challenges, interviews dirigeant.e.s, conf\u00e9rences\u2026 - www.carrieres.blog - Greg Le Roy\",\"isPartOf\":{\"@id\":\"https:\/\/carrieres.blog\/#website\"},\"datePublished\":\"2024-10-09T10:38:37+00:00\",\"dateModified\":\"2024-10-09T10:44:35+00:00\",\"breadcrumb\":{\"@id\":\"https:\/\/carrieres.blog\/index.php\/outils\/#breadcrumb\"},\"inLanguage\":\"en-US\",\"potentialAction\":[{\"@type\":\"ReadAction\",\"target\":[\"https:\/\/carrieres.blog\/index.php\/outils\/\"]}]},{\"@type\":\"BreadcrumbList\",\"@id\":\"https:\/\/carrieres.blog\/index.php\/outils\/#breadcrumb\",\"itemListElement\":[{\"@type\":\"ListItem\",\"position\":1,\"name\":\"Accueil\",\"item\":\"https:\/\/carrieres.blog\/\"},{\"@type\":\"ListItem\",\"position\":2,\"name\":\"Outils\"}]},{\"@type\":\"WebSite\",\"@id\":\"https:\/\/carrieres.blog\/#website\",\"url\":\"https:\/\/carrieres.blog\/\",\"name\":\"CARRI\u00c8RES - Conseils de carri\u00e8re pour cadres dirigeants - podcasts experts chasse-outplacement-DRH, articles Challenges, interviews dirigeant.e.s, conf\u00e9rences\u2026 - www.carrieres.blog - Greg Le Roy\",\"description\":\"\",\"publisher\":{\"@id\":\"https:\/\/carrieres.blog\/#organization\"},\"potentialAction\":[{\"@type\":\"SearchAction\",\"target\":{\"@type\":\"EntryPoint\",\"urlTemplate\":\"https:\/\/carrieres.blog\/?s={search_term_string}\"},\"query-input\":{\"@type\":\"PropertyValueSpecification\",\"valueRequired\":true,\"valueName\":\"search_term_string\"}}],\"inLanguage\":\"en-US\"},{\"@type\":\"Organization\",\"@id\":\"https:\/\/carrieres.blog\/#organization\",\"name\":\"CARRI\u00c8RES - Conseils de carri\u00e8re pour cadres dirigeants - podcasts experts chasse-outplacement-DRH, articles Challenges, interviews dirigeant.e.s, conf\u00e9rences\u2026 - www.carrieres.blog - Greg Le Roy\",\"url\":\"https:\/\/carrieres.blog\/\",\"logo\":{\"@type\":\"ImageObject\",\"inLanguage\":\"en-US\",\"@id\":\"https:\/\/carrieres.blog\/#\/schema\/logo\/image\/\",\"url\":\"https:\/\/carrieres.blog\/wp-content\/uploads\/2025\/03\/logo-carrieres-2025-1.png\",\"contentUrl\":\"https:\/\/carrieres.blog\/wp-content\/uploads\/2025\/03\/logo-carrieres-2025-1.png\",\"width\":400,\"height\":123,\"caption\":\"CARRI\u00c8RES - Conseils de carri\u00e8re pour cadres dirigeants - podcasts experts chasse-outplacement-DRH, articles Challenges, interviews dirigeant.e.s, conf\u00e9rences\u2026 - www.carrieres.blog - Greg Le Roy\"},\"image\":{\"@id\":\"https:\/\/carrieres.blog\/#\/schema\/logo\/image\/\"},\"sameAs\":[\"https:\/\/www.linkedin.com\/in\/greg24\/\"]}]}<\/script>\n<!-- \/ Yoast SEO plugin. -->","yoast_head_json":{"title":"Outils - CARRI\u00c8RES - Conseils de carri\u00e8re pour cadres dirigeants - podcasts experts, articles Challenges, interviews dirigeant.e.s, conf\u00e9rences\u2026 - www.carrieres.blog - Greg Le Roy","robots":{"index":"index","follow":"follow","max-snippet":"max-snippet:-1","max-image-preview":"max-image-preview:large","max-video-preview":"max-video-preview:-1"},"canonical":"https:\/\/carrieres.blog\/index.php\/outils\/","og_locale":"en_US","og_type":"article","og_title":"Outils - CARRI\u00c8RES - Conseils de carri\u00e8re pour cadres dirigeants - podcasts experts, articles Challenges, interviews dirigeant.e.s, conf\u00e9rences\u2026 - www.carrieres.blog - Greg Le Roy","og_url":"https:\/\/carrieres.blog\/index.php\/outils\/","og_site_name":"CARRI\u00c8RES - Conseils de carri\u00e8re pour cadres dirigeants - podcasts experts, articles Challenges, interviews dirigeant.e.s, conf\u00e9rences\u2026 - www.carrieres.blog - Greg Le Roy","article_modified_time":"2024-10-09T10:44:35+00:00","twitter_card":"summary_large_image","schema":{"@context":"https:\/\/schema.org","@graph":[{"@type":"WebPage","@id":"https:\/\/carrieres.blog\/index.php\/outils\/","url":"https:\/\/carrieres.blog\/index.php\/outils\/","name":"Outils - CARRI\u00c8RES - Conseils de carri\u00e8re pour cadres dirigeants - podcasts experts, articles Challenges, interviews dirigeant.e.s, conf\u00e9rences\u2026 - www.carrieres.blog - Greg Le Roy","isPartOf":{"@id":"https:\/\/carrieres.blog\/#website"},"datePublished":"2024-10-09T10:38:37+00:00","dateModified":"2024-10-09T10:44:35+00:00","breadcrumb":{"@id":"https:\/\/carrieres.blog\/index.php\/outils\/#breadcrumb"},"inLanguage":"en-US","potentialAction":[{"@type":"ReadAction","target":["https:\/\/carrieres.blog\/index.php\/outils\/"]}]},{"@type":"BreadcrumbList","@id":"https:\/\/carrieres.blog\/index.php\/outils\/#breadcrumb","itemListElement":[{"@type":"ListItem","position":1,"name":"Accueil","item":"https:\/\/carrieres.blog\/"},{"@type":"ListItem","position":2,"name":"Outils"}]},{"@type":"WebSite","@id":"https:\/\/carrieres.blog\/#website","url":"https:\/\/carrieres.blog\/","name":"CARRI\u00c8RES - Conseils de carri\u00e8re pour cadres dirigeants - podcasts experts chasse-outplacement-DRH, articles Challenges, interviews dirigeant.e.s, conf\u00e9rences\u2026 - www.carrieres.blog - Greg Le Roy","description":"","publisher":{"@id":"https:\/\/carrieres.blog\/#organization"},"potentialAction":[{"@type":"SearchAction","target":{"@type":"EntryPoint","urlTemplate":"https:\/\/carrieres.blog\/?s={search_term_string}"},"query-input":{"@type":"PropertyValueSpecification","valueRequired":true,"valueName":"search_term_string"}}],"inLanguage":"en-US"},{"@type":"Organization","@id":"https:\/\/carrieres.blog\/#organization","name":"CARRI\u00c8RES - Conseils de carri\u00e8re pour cadres dirigeants - podcasts experts chasse-outplacement-DRH, articles Challenges, interviews dirigeant.e.s, conf\u00e9rences\u2026 - www.carrieres.blog - Greg Le Roy","url":"https:\/\/carrieres.blog\/","logo":{"@type":"ImageObject","inLanguage":"en-US","@id":"https:\/\/carrieres.blog\/#\/schema\/logo\/image\/","url":"https:\/\/carrieres.blog\/wp-content\/uploads\/2025\/03\/logo-carrieres-2025-1.png","contentUrl":"https:\/\/carrieres.blog\/wp-content\/uploads\/2025\/03\/logo-carrieres-2025-1.png","width":400,"height":123,"caption":"CARRI\u00c8RES - Conseils de carri\u00e8re pour cadres dirigeants - podcasts experts chasse-outplacement-DRH, articles Challenges, interviews dirigeant.e.s, conf\u00e9rences\u2026 - www.carrieres.blog - Greg Le Roy"},"image":{"@id":"https:\/\/carrieres.blog\/#\/schema\/logo\/image\/"},"sameAs":["https:\/\/www.linkedin.com\/in\/greg24\/"]}]}},"_links":{"self":[{"href":"https:\/\/carrieres.blog\/index.php\/wp-json\/wp\/v2\/pages\/1238","targetHints":{"allow":["GET"]}}],"collection":[{"href":"https:\/\/carrieres.blog\/index.php\/wp-json\/wp\/v2\/pages"}],"about":[{"href":"https:\/\/carrieres.blog\/index.php\/wp-json\/wp\/v2\/types\/page"}],"author":[{"embeddable":true,"href":"https:\/\/carrieres.blog\/index.php\/wp-json\/wp\/v2\/users\/1"}],"replies":[{"embeddable":true,"href":"https:\/\/carrieres.blog\/index.php\/wp-json\/wp\/v2\/comments?post=1238"}],"version-history":[{"count":4,"href":"https:\/\/carrieres.blog\/index.php\/wp-json\/wp\/v2\/pages\/1238\/revisions"}],"predecessor-version":[{"id":1245,"href":"https:\/\/carrieres.blog\/index.php\/wp-json\/wp\/v2\/pages\/1238\/revisions\/1245"}],"wp:attachment":[{"href":"https:\/\/carrieres.blog\/index.php\/wp-json\/wp\/v2\/media?parent=1238"}],"curies":[{"name":"wp","href":"https:\/\/api.w.org\/{rel}","templated":true}]}}